{"id":57,"date":"2026-01-11T09:41:44","date_gmt":"2026-01-11T09:41:44","guid":{"rendered":"https:\/\/www.lena-seroude.fr\/?page_id=57"},"modified":"2026-01-17T19:01:19","modified_gmt":"2026-01-17T19:01:19","slug":"jument-happy-girl","status":"publish","type":"page","link":"https:\/\/www.lena-seroude.fr\/index.php\/jument-happy-girl\/","title":{"rendered":"Jument Happy Girl"},"content":{"rendered":"\n<blockquote class=\"wp-block-quote is-layout-flow wp-block-quote-is-layout-flow\">\n<p>Happy Girl de la Tour<\/p>\n\n\n\n<p>(Emerald Van\u2019t Ruytershof X For Pleasure).<\/p>\n\n\n\n<p>Jument de 9 ans, 1m30\/1m35.<\/p>\n\n\n\n<p>Happy girl est une jument issue de notre \u00e9levage familial. Mon P\u00e8re Eric Seroude a d\u00e9but\u00e9 les concours avec elle \u00e0 l\u2019\u00e2ge de 4 ans, je l\u2019ai ensuite r\u00e9cup\u00e9r\u00e9 \u00e0 7 ans pour continuer les concours.<\/p>\n<\/blockquote>\n\n\n<div class=\"wp-block-image\">\n<figure class=\"aligncenter size-large\"><img loading=\"lazy\" decoding=\"async\" width=\"733\" height=\"1024\" src=\"https:\/\/www.lena-seroude.fr\/wp-content\/uploads\/2026\/01\/PHOTO-2026-01-11-14-02-20-733x1024.jpg\" alt=\"\" class=\"wp-image-103\" srcset=\"https:\/\/www.lena-seroude.fr\/wp-content\/uploads\/2026\/01\/PHOTO-2026-01-11-14-02-20-733x1024.jpg 733w, https:\/\/www.lena-seroude.fr\/wp-content\/uploads\/2026\/01\/PHOTO-2026-01-11-14-02-20-215x300.jpg 215w, https:\/\/www.lena-seroude.fr\/wp-content\/uploads\/2026\/01\/PHOTO-2026-01-11-14-02-20-768x1073.jpg 768w, https:\/\/www.lena-seroude.fr\/wp-content\/uploads\/2026\/01\/PHOTO-2026-01-11-14-02-20-1099x1536.jpg 1099w, https:\/\/www.lena-seroude.fr\/wp-content\/uploads\/2026\/01\/PHOTO-2026-01-11-14-02-20.jpg 1145w\" sizes=\"auto, (max-width: 733px) 100vw, 733px\" \/><\/figure>\n<\/div>\n\n<div class=\"wp-block-image\">\n<figure class=\"aligncenter size-full\"><img loading=\"lazy\" decoding=\"async\" width=\"598\" height=\"397\" src=\"https:\/\/www.lena-seroude.fr\/wp-content\/uploads\/2026\/01\/PHOTO-2026-01-11-15-12-39.jpg\" alt=\"\" class=\"wp-image-77\" srcset=\"https:\/\/www.lena-seroude.fr\/wp-content\/uploads\/2026\/01\/PHOTO-2026-01-11-15-12-39.jpg 598w, https:\/\/www.lena-seroude.fr\/wp-content\/uploads\/2026\/01\/PHOTO-2026-01-11-15-12-39-300x199.jpg 300w\" sizes=\"auto, (max-width: 598px) 100vw, 598px\" \/><\/figure>\n<\/div>\n\n<div class=\"wp-block-image\">\n<figure class=\"aligncenter size-full is-resized\"><img loading=\"lazy\" decoding=\"async\" width=\"752\" height=\"493\" src=\"https:\/\/www.lena-seroude.fr\/wp-content\/uploads\/2026\/01\/PHOTO-2026-01-11-13-51-21.jpg\" alt=\"\" class=\"wp-image-101\" style=\"width:594px;height:auto\" srcset=\"https:\/\/www.lena-seroude.fr\/wp-content\/uploads\/2026\/01\/PHOTO-2026-01-11-13-51-21.jpg 752w, https:\/\/www.lena-seroude.fr\/wp-content\/uploads\/2026\/01\/PHOTO-2026-01-11-13-51-21-300x197.jpg 300w\" sizes=\"auto, (max-width: 752px) 100vw, 752px\" \/><\/figure>\n<\/div>\n\n<div class=\"wp-block-image\">\n<figure class=\"aligncenter size-full is-resized\"><img loading=\"lazy\" decoding=\"async\" width=\"542\" height=\"418\" src=\"https:\/\/www.lena-seroude.fr\/wp-content\/uploads\/2026\/01\/PHOTO-2026-01-11-13-51-21_1.jpg\" alt=\"\" class=\"wp-image-104\" style=\"width:584px;height:auto\" srcset=\"https:\/\/www.lena-seroude.fr\/wp-content\/uploads\/2026\/01\/PHOTO-2026-01-11-13-51-21_1.jpg 542w, https:\/\/www.lena-seroude.fr\/wp-content\/uploads\/2026\/01\/PHOTO-2026-01-11-13-51-21_1-300x231.jpg 300w\" sizes=\"auto, (max-width: 542px) 100vw, 542px\" \/><\/figure>\n<\/div>","protected":false},"excerpt":{"rendered":"<p>Happy Girl de la Tour (Emerald Van\u2019t Ruytershof X For Pleasure). Jument de 9 ans, 1m30\/1m35. Happy girl est une jument issue de notre \u00e9levage familial. Mon P\u00e8re Eric Seroude a d\u00e9but\u00e9 les concours avec elle \u00e0 l\u2019\u00e2ge de 4 ans, je l\u2019ai ensuite r\u00e9cup\u00e9r\u00e9 \u00e0 7 ans pour continuer les concours.<\/p>\n","protected":false},"author":1,"featured_media":0,"parent":0,"menu_order":0,"comment_status":"closed","ping_status":"closed","template":"","meta":{"neve_meta_sidebar":"","neve_meta_container":"","neve_meta_enable_content_width":"","neve_meta_content_width":0,"neve_meta_title_alignment":"","neve_meta_author_avatar":"","neve_post_elements_order":"","neve_meta_disable_header":"","neve_meta_disable_footer":"","neve_meta_disable_title":"","_themeisle_gutenberg_block_has_review":false,"footnotes":""},"class_list":["post-57","page","type-page","status-publish","hentry"],"_links":{"self":[{"href":"https:\/\/www.lena-seroude.fr\/index.php\/wp-json\/wp\/v2\/pages\/57","targetHints":{"allow":["GET"]}}],"collection":[{"href":"https:\/\/www.lena-seroude.fr\/index.php\/wp-json\/wp\/v2\/pages"}],"about":[{"href":"https:\/\/www.lena-seroude.fr\/index.php\/wp-json\/wp\/v2\/types\/page"}],"author":[{"embeddable":true,"href":"https:\/\/www.lena-seroude.fr\/index.php\/wp-json\/wp\/v2\/users\/1"}],"replies":[{"embeddable":true,"href":"https:\/\/www.lena-seroude.fr\/index.php\/wp-json\/wp\/v2\/comments?post=57"}],"version-history":[{"count":3,"href":"https:\/\/www.lena-seroude.fr\/index.php\/wp-json\/wp\/v2\/pages\/57\/revisions"}],"predecessor-version":[{"id":105,"href":"https:\/\/www.lena-seroude.fr\/index.php\/wp-json\/wp\/v2\/pages\/57\/revisions\/105"}],"wp:attachment":[{"href":"https:\/\/www.lena-seroude.fr\/index.php\/wp-json\/wp\/v2\/media?parent=57"}],"curies":[{"name":"wp","href":"https:\/\/api.w.org\/{rel}","templated":true}]}}