{"id":49,"date":"2026-01-11T09:26:01","date_gmt":"2026-01-11T09:26:01","guid":{"rendered":"https:\/\/www.lena-seroude.fr\/?page_id=49"},"modified":"2026-01-28T19:11:09","modified_gmt":"2026-01-28T19:11:09","slug":"pourquoi-dinard","status":"publish","type":"page","link":"https:\/\/www.lena-seroude.fr\/index.php\/pourquoi-dinard\/","title":{"rendered":"Pourquoi Dinard ?"},"content":{"rendered":"<div class=\"wp-block-image\">\n<figure class=\"aligncenter size-large\"><img loading=\"lazy\" decoding=\"async\" width=\"1024\" height=\"417\" src=\"https:\/\/www.lena-seroude.fr\/wp-content\/uploads\/2026\/01\/Titre_Accueil_Jumping-1024x417.jpg\" alt=\"\" class=\"wp-image-125\" srcset=\"https:\/\/www.lena-seroude.fr\/wp-content\/uploads\/2026\/01\/Titre_Accueil_Jumping-1024x417.jpg 1024w, https:\/\/www.lena-seroude.fr\/wp-content\/uploads\/2026\/01\/Titre_Accueil_Jumping-300x122.jpg 300w, https:\/\/www.lena-seroude.fr\/wp-content\/uploads\/2026\/01\/Titre_Accueil_Jumping-768x312.jpg 768w, https:\/\/www.lena-seroude.fr\/wp-content\/uploads\/2026\/01\/Titre_Accueil_Jumping-1536x625.jpg 1536w, https:\/\/www.lena-seroude.fr\/wp-content\/uploads\/2026\/01\/Titre_Accueil_Jumping.jpg 1551w\" sizes=\"auto, (max-width: 1024px) 100vw, 1024px\" \/><\/figure>\n<\/div>\n\n\n<blockquote class=\"wp-block-quote is-layout-flow wp-block-quote-is-layout-flow\">\n<p>A mes yeux, l\u2019un des plus beaux concours de France voire le plus beau. Un des derniers concours sur herbe et quel plaisir de pouvoir monter sur cette magnifique piste.<\/p>\n\n\n\n<p>Le jumping de Dinard est un concours qui me tient \u00e9norm\u00e9ment \u00e0 c\u0153ur parce que&nbsp;:<\/p>\n\n\n\n<ul class=\"wp-block-list\">\n<li>Ce sera mon premier concours international.<\/li>\n\n\n\n<li>Cela me permettra de rencontrer de nombreux cavaliers de haut niveau.<\/li>\n\n\n\n<li>Sa grande piste en herbe et toute la d\u00e9coration rose me font r\u00eaver.<\/li>\n\n\n\n<li>Ma maman est originaire de Rennes et toute ma famille maternelle se trouve \u00e0 proximit\u00e9 de Dinard, ce qui leur permettrait de pouvoir venir me voir pour la premi\u00e8re fois en concours.<\/li>\n<\/ul>\n<\/blockquote>\n\n\n<div class=\"wp-block-image\">\n<figure class=\"aligncenter size-large\"><img loading=\"lazy\" decoding=\"async\" width=\"683\" height=\"1024\" src=\"https:\/\/www.lena-seroude.fr\/wp-content\/uploads\/2026\/01\/PHOTO-2026-01-11-14-54-17-1-683x1024.jpg\" alt=\"\" class=\"wp-image-79\" srcset=\"https:\/\/www.lena-seroude.fr\/wp-content\/uploads\/2026\/01\/PHOTO-2026-01-11-14-54-17-1-683x1024.jpg 683w, https:\/\/www.lena-seroude.fr\/wp-content\/uploads\/2026\/01\/PHOTO-2026-01-11-14-54-17-1-200x300.jpg 200w, https:\/\/www.lena-seroude.fr\/wp-content\/uploads\/2026\/01\/PHOTO-2026-01-11-14-54-17-1-768x1152.jpg 768w, https:\/\/www.lena-seroude.fr\/wp-content\/uploads\/2026\/01\/PHOTO-2026-01-11-14-54-17-1-1024x1536.jpg 1024w, https:\/\/www.lena-seroude.fr\/wp-content\/uploads\/2026\/01\/PHOTO-2026-01-11-14-54-17-1.jpg 1067w\" sizes=\"auto, (max-width: 683px) 100vw, 683px\" \/><\/figure>\n<\/div>\n\n<div class=\"wp-block-image\">\n<figure class=\"aligncenter size-large is-resized\"><img loading=\"lazy\" decoding=\"async\" width=\"1024\" height=\"683\" src=\"https:\/\/www.lena-seroude.fr\/wp-content\/uploads\/2026\/01\/PHOTO-2026-01-11-14-54-17-2-1024x683.jpg\" alt=\"\" class=\"wp-image-112\" style=\"aspect-ratio:1.499286177806619;width:690px;height:auto\" srcset=\"https:\/\/www.lena-seroude.fr\/wp-content\/uploads\/2026\/01\/PHOTO-2026-01-11-14-54-17-2-1024x683.jpg 1024w, https:\/\/www.lena-seroude.fr\/wp-content\/uploads\/2026\/01\/PHOTO-2026-01-11-14-54-17-2-300x200.jpg 300w, https:\/\/www.lena-seroude.fr\/wp-content\/uploads\/2026\/01\/PHOTO-2026-01-11-14-54-17-2-768x512.jpg 768w, https:\/\/www.lena-seroude.fr\/wp-content\/uploads\/2026\/01\/PHOTO-2026-01-11-14-54-17-2-930x620.jpg 930w, https:\/\/www.lena-seroude.fr\/wp-content\/uploads\/2026\/01\/PHOTO-2026-01-11-14-54-17-2.jpg 1080w\" sizes=\"auto, (max-width: 1024px) 100vw, 1024px\" \/><\/figure>\n<\/div>\n\n<div class=\"wp-block-image\">\n<figure class=\"aligncenter size-full is-resized\"><img loading=\"lazy\" decoding=\"async\" width=\"1000\" height=\"666\" src=\"https:\/\/www.lena-seroude.fr\/wp-content\/uploads\/2026\/01\/PHOTO-2026-01-11-14-54-17-3.jpg\" alt=\"\" class=\"wp-image-113\" style=\"width:688px;height:auto\" srcset=\"https:\/\/www.lena-seroude.fr\/wp-content\/uploads\/2026\/01\/PHOTO-2026-01-11-14-54-17-3.jpg 1000w, https:\/\/www.lena-seroude.fr\/wp-content\/uploads\/2026\/01\/PHOTO-2026-01-11-14-54-17-3-300x200.jpg 300w, https:\/\/www.lena-seroude.fr\/wp-content\/uploads\/2026\/01\/PHOTO-2026-01-11-14-54-17-3-768x511.jpg 768w, https:\/\/www.lena-seroude.fr\/wp-content\/uploads\/2026\/01\/PHOTO-2026-01-11-14-54-17-3-930x620.jpg 930w\" sizes=\"auto, (max-width: 1000px) 100vw, 1000px\" \/><\/figure>\n<\/div>\n\n<div class=\"wp-block-image\">\n<figure class=\"aligncenter size-large is-resized\"><img loading=\"lazy\" decoding=\"async\" width=\"1024\" height=\"683\" src=\"https:\/\/www.lena-seroude.fr\/wp-content\/uploads\/2026\/01\/PHOTO-2026-01-11-14-54-17_2-1024x683.jpg\" alt=\"\" class=\"wp-image-114\" style=\"aspect-ratio:1.4993262154037525;width:686px;height:auto\" srcset=\"https:\/\/www.lena-seroude.fr\/wp-content\/uploads\/2026\/01\/PHOTO-2026-01-11-14-54-17_2-1024x683.jpg 1024w, https:\/\/www.lena-seroude.fr\/wp-content\/uploads\/2026\/01\/PHOTO-2026-01-11-14-54-17_2-300x200.jpg 300w, https:\/\/www.lena-seroude.fr\/wp-content\/uploads\/2026\/01\/PHOTO-2026-01-11-14-54-17_2-768x512.jpg 768w, https:\/\/www.lena-seroude.fr\/wp-content\/uploads\/2026\/01\/PHOTO-2026-01-11-14-54-17_2-930x620.jpg 930w, https:\/\/www.lena-seroude.fr\/wp-content\/uploads\/2026\/01\/PHOTO-2026-01-11-14-54-17_2.jpg 1080w\" sizes=\"auto, (max-width: 1024px) 100vw, 1024px\" \/><\/figure>\n<\/div>","protected":false},"excerpt":{"rendered":"","protected":false},"author":1,"featured_media":0,"parent":0,"menu_order":0,"comment_status":"closed","ping_status":"closed","template":"","meta":{"neve_meta_sidebar":"","neve_meta_container":"","neve_meta_enable_content_width":"","neve_meta_content_width":0,"neve_meta_title_alignment":"","neve_meta_author_avatar":"","neve_post_elements_order":"","neve_meta_disable_header":"","neve_meta_disable_footer":"","neve_meta_disable_title":"","_themeisle_gutenberg_block_has_review":false,"footnotes":""},"class_list":["post-49","page","type-page","status-publish","hentry"],"_links":{"self":[{"href":"https:\/\/www.lena-seroude.fr\/index.php\/wp-json\/wp\/v2\/pages\/49","targetHints":{"allow":["GET"]}}],"collection":[{"href":"https:\/\/www.lena-seroude.fr\/index.php\/wp-json\/wp\/v2\/pages"}],"about":[{"href":"https:\/\/www.lena-seroude.fr\/index.php\/wp-json\/wp\/v2\/types\/page"}],"author":[{"embeddable":true,"href":"https:\/\/www.lena-seroude.fr\/index.php\/wp-json\/wp\/v2\/users\/1"}],"replies":[{"embeddable":true,"href":"https:\/\/www.lena-seroude.fr\/index.php\/wp-json\/wp\/v2\/comments?post=49"}],"version-history":[{"count":4,"href":"https:\/\/www.lena-seroude.fr\/index.php\/wp-json\/wp\/v2\/pages\/49\/revisions"}],"predecessor-version":[{"id":127,"href":"https:\/\/www.lena-seroude.fr\/index.php\/wp-json\/wp\/v2\/pages\/49\/revisions\/127"}],"wp:attachment":[{"href":"https:\/\/www.lena-seroude.fr\/index.php\/wp-json\/wp\/v2\/media?parent=49"}],"curies":[{"name":"wp","href":"https:\/\/api.w.org\/{rel}","templated":true}]}}